te a(u).
1
Let d = 6 - 1. Suppose 0 = -5*l + l - 5*c + 4, 5 = d*l + c. Let g(y) = 2*y**2 - y. Calculate g(l).
1
Let f(r) be the second derivative of -2*r**3/3 - r**2 + 18*r. Give f(-3).
10
Let m(g) = 2 - 2*g**2 - 4*g**2 + 5*g**2 + 5*g. Suppose 0 = -4*q + 2*j + 22, 5*q + 8 = j + 31. Give m(q).
6
Let s(f) = -5*f**3 - 4*f**2 + 2*f - 3. Let n(z) = 6*z**3 + 5*z**2 - 3*z + 4. Let y(q) = 3*n(q) + 4*s(q). What is y(-2)?
14
Suppose 4*p - 6 = 5*a - 0*p, -4*p + 18 = a. Suppose 0 = -5*r - 25, -21 = -2*o - a*o + r. Let q(y) = y**3 - 4*y**2 + 2*y - 2. Give q(o).
6
Let d(r) be the third derivative of -2*r**5/15 + r**3/6 - r**2. Let y(f) = f**3 - 2*f**2 - 2*f. Let a be y(3). Suppose 0*n + a = 3*n. Determine d(n).
-7
Suppose 5*f = 2*f + 3. Let d(g) = 5*g + 5. Let i be (0/(-1))/1 + -5. Let b(k) = 4*k + 4. Let v(l) = i*d(l) + 6*b(l). Give v(f).
-2
Let p(l) = -1. Let s(v) = 2*v**2 - 2*v + 1. Let d(z) = -p(z) + s(z). Give d(2).
6
Let k(t) = 2*t + 1. Suppose -2*g - 6 = -0*g. Give k(g).
-5
Let w(u) = -2*u**3 + 4*u**2. Let z(k) = -k**3 + k**2 + 1. Let t(s) = -w(s) + 3*z(s). Let q(b) be the first derivative of t(b). What is q(-2)?
-8
Let y(a) = a**2 + 4*a + 2. Let r = 34 + -24. Suppose 3*h - r = 8*h. Give y(h).
-2
Let c(h) = h - 3. Let p(m) = 1. Let w(g) = 4*c(g) + 11*p(g). What is w(2)?
7
Let l(s) be the first derivative of 7*s**3/6 + 3*s**2/2 + 7*s - 5. Let j(g) be the first derivative of l(g). What is j(-2)?
-11
Let p = 7 + -12. Let f(w) = 2 - 2*w + 1 + w - 2. Give f(p).
6
Let t(o) = o**3 + o + 1. Let x = 49 + -49. What is t(x)?
1
Let j(o) = -11*o**3 + o**2 + 7*o - 1. Let x(m) = -10*m**3 + m**2 + 6*m - 1. Let l(b) = 5*j(b) - 6*x(b). Give l(1).
4
Let p(q) = -q - 2. Let l(w) = w**3 + 5*w**2 - 7*w - 2. Suppose -4*h - 18 = -h. Let r be l(h). What is p(r)?
-6
Suppose -6*m + m + 3*v + 84 = 0, -3*v - 9 = 0. Suppose 0 = -7*f + 2*f + m. Suppose 0 = -q - f - 0. Let o(c) = -c**2 - 3*c - 1. Determine o(q).
-1
Suppose 0 = -3*o + 2*k - 18, -5*o + 0*k - 3*k = 11. Let y(m) = -12*m + 15*m + 2 + m**2 - 3. What is y(o)?
3
Let v(r) = -r**3 + r - 12. Suppose -h = -2*u - 6 + 2, 0 = 4*u. Suppose 0 = -h*y + 5*y. What is v(y)?
-12
Let p = 5 - 3. Suppose -4*l - 18 = -2*u, -5*l - 5 - 18 = -p*u. Let t(o) = -3 + 5 - 4 + 6*o + o**2. Determine t(l).
-7
Let m(o) = 2*o**2 - 11*o - 2. Let y(w) = 2*w**2 - 12*w - 3. Let c(l) = 7*m(l) - 6*y(l). Give c(3).
7
Suppose -i = 1 - 0. Let p be (-8 - -3)/i*1. Let h(b) = b**3 - 5*b**2 - b + 4. What is h(p)?
-1
Let o(k) be the third derivative of 1/30*k**5 - 1/24*k**4 + 11/120*k**6 + 0*k**3 - 2*k**2 + 0*k + 0. What is o(1)?
12
Suppose -2*x + 10 = 0, 2*x = -5*s + 11 + 29. Suppose 0 = h + j, 0*h + 4*h - 2*j = -s. Let t(y) = 3*y**2 + 1. Calculate t(h).
4
Suppose -c + 3*c = -6. Let z(k) = 2*k**3 - 5*k**2 + 4*k - 8. Let g(d) = -3*d**3 + 9*d**2 - 6*d + 12. Let s(r) = 5*g(r) + 8*z(r). Determine s(c).
8
Let h(z) be the second derivative of -z**6/120 - z**5/20 - z**4/24 - 2*z**3/3 + z**2 + 3*z. Let u(j) be the first derivative of h(j). Give u(-3).
-1
Let o(p) be the first derivative of p**3/3 + 7*p**2/2 + 3*p + 5. What is o(-3)?
-9
Let j(o) = -2*o**2 + 1 + 4 - 4 + 3*o**2. Let u(n) = -n**2 - 2*n + 1. Let a(y) = -2*j(y) - u(y). Let r be (4/(-6))/(2/(-6)). Determine a(r).
-3
Let c(b) be the second derivative of 0 - b + 1/3*b**3 - 1/2*b**2 + 1/6*b**4. Determine c(1).
3
Suppose 4*z = 8 + 8. Let v(i) be the third derivative of 0*i + 1/12*i**5 - 1/12*i**4 - 1/120*i**6 + 3*i**2 + 0 - 1/3*i**3. Calculate v(z).
6
Let r(v) = 2*v + 2. Let k(b) = -2*b - 3. Let o = 21 - 14. Let p(a) = o*k(a) + 6*r(a). Calculate p(-6).
3
Let a = -7 - -11. Let w(p) = 4*p**2 + a*p**2 - 7*p**2 - 2 - p**3. Let n = 5 + -3. Give w(n).
-6
Let q(b) be the third derivative of b**5/60 + b**4/3 - 11*b**3/6 - 19*b**2. Calculate q(-9).
-2
Let m(n) be the first derivative of n**4/4 + 4*n**3/3 + n**2 - 12. Let x = -9 - -6. Give m(x).
3
Let k(o) = o**2 + 8*o. Suppose y + 11 = 2*s - 3*s, 2*s - 4*y - 8 = 0. Give k(s).
-12
Let i(x) be the second derivative of -x**5/20 - x**4/4 + x**3/6 - 3*x**2/2 + 2*x. Let z be (9/(-6))/((-2)/(-4)). What is i(z)?
-6
Suppose -6 = 6*v - 3*v. Let u(a) = 4*a. Let z(l) = -16*l + 1. Let h(f) = -9*u(f) - 2*z(f). Calculate h(v).
6
Suppose 2*a - 5*m - 16 = 0, a + 1 = -3*m - 2. Let o(i) = -2 - i**2 - 6*i - 1 + a*i. Suppose -2*n + 2*c = 12, -1 = -4*n + 5*c - 28. What is o(n)?
-3
Let x(z) = -z**2 + 7*z - 2. Let t be x(6). Let o(h) = -2*h - 1. Determine o(t).
-9
Let t(l) = l**2 + 5*l + 5. Suppose 2*i = -4*i - 24. Give t(i).
1
Let b(j) = -4 + 3 - j**3 + 8 + j. Give b(0).
7
Suppose 0 = -5*f - 20, 7 + 29 = 2*q - 2*f. Let x = -9 + q. Let h(a) be the second derivative of a**5/20 - a**4/2 + a**3 + a**2 + 31*a. Give h(x).
7
Suppose 3 + 3 = 3*i. Let o(g) = -5*g + 2. Give o(i).
-8
Let j(f) = f**3 - 3*f**2 - 5*f - 7. Suppose -3*w + 6*w = 15. Give j(w).
18
Let s(p) = 5 - 7 + 0 - 7 + p. What is s(6)?
-3
Suppose 0 = -0*b - 13*b - 4*b. Let p(g) = g**2 - g + 11. Calculate p(b).
11
Let j be 0 - 3/(6/(-10)). Let s(t) = t - 5. Let x(y) = y - 4 + 0 - 2 + 0*y. Let f(m) = j*s(m) - 4*x(m). Calculate f(4).
3
Suppose 0 = -y - a - 0*a + 11, 0 = -y + a + 1. Let d = y + -11. Let q be 24/(-10) - 2/d. Let i(v) = v**3 + 2*v**2 + 3*v + 2. Determine i(q).
-4
Let r(v) be the second derivative of v**7/2520 + v**6/240 + v**5/30 + 2*v**4/3 + 7*v. Let b(g) be the third derivative of r(g). What is b(-3)?
4
Let u(d) be the first derivative of -d**4/4 + 4*d**3/3 + 3*d**2/2 + 5*d - 24. Let b(y) be the second derivative of y**3/6 + y. Let f be b(5). Determine u(f).
-5
Let t(q) = -q + 3. Let z = 20 + -10. Suppose -3*h + 39 - z = g, 5*g - 4*h = 69. Suppose 3*o = 3*m - 9 - 12, m + g = -5*o. Calculate t(o).
7
Let o(r) = -r**3 - r**2 - 1. Let u = 51 - 53. Give o(u).
3
Let g(f) = -4*f**2 - 6*f - 3. Let v(h) = h**2 + h - 1. Let x(u) = -g(u) - 5*v(u). Give x(0).
8
Suppose 14 = 3*a + 2, -3*p = -3*a + 9. Let y be (-19)/5 + p/(-5). Let k = 6 + y. Let s(c) = -2*c + 3. What is s(k)?
-1
Suppose 0 = -3*k + 5*t + 19, 0*t = 4*t + 20. Let p(w) = -3*w - 2. Determine p(k).
4
Let w(n) = 15*n**2 + 15*n + 2. Let g(z) = 7*z**2 + 7*z + 1. Let b(d) = -13*g(d) + 6*w(d). Calculate b(-1).
-1
Suppose -7*a + 3*a - 20 = 0. Let b(f) = f**3 - 2*f**2 - 5*f - 3. Let d(r) = -r**2. Let z(o) = a*d(o) + b(o). Let v be 39/(-9) + (-2)/(-6). What is z(v)?
1
Let b(d) be the second derivative of d**6/120 + d**5/10 + d**4/4 - d**3/2 + 3*d**2 - 7*d. Let o(r) be the first derivative of b(r). Give o(-5).
-8
Let j(s) = -4 + 2 + s - s**3 + 0*s**3. Calculate j(-2).
4
Let f(n) = 6*n + 1. Let j(c) = -c - 14. Let h be j(-11). Let p be (2 + 0)/(h/(-6)). Suppose 0 = b - 6*b - p*i - 17, -3*b - 2*i = 9. Give f(b).
-5
Let s(f) = 3*f - 8. Let a = -89 + 96. Determine s(a).
13
Let d(c) = -c + 6. Suppose m + 2*m = 72. Let a be ((-80)/m)/(4/(-6)). What is d(a)?
1
Let c = -3 + 5. Suppose 0 = -2*y - c - 8. Let z(u) = -u**3 - 4*u**2 + 5*u - 4. Give z(y).
-4
Let v = -12 - -18. Suppose 10 + v = -4*a. Let w = a + 4. Let t(p) = p**2 + p - 3. Calculate t(w).
-3
Let y(g) = g**3 + 7*g**2 + 5*g - 4. Let q be y(-6). Let h(k) = k**2 + 2*k + 1. Determine h(q).
9
Suppose 2*a + 3 + 7 = 0. Let t(p) = p**3 + 5*p**2 - 2. Let d be t(a). Let x(r) be the second derivative of r**5/20 + r**4/12 + r**2 - 11*r. Give x(d).
-2
Let l(c) = -11*c - 7. Let t(m) = 5*m + 3. Let h(x) = -6*l(x) - 13*t(x). Give h(-7).
-4
Let r(t) = -3*t - 12. Let u(m) = -7*m - 23. Let c(s) = 5*r(s) - 2*u(s). What is c(-7)?
-7
Let y(d) = 2*d**2 + 4*d + 3. Let o(w) = -w + 4. Let k(q) = -q + 3. Let b(a) = -5*k(a) + 4*o(a). Let c(u) = -3*b(u) + y(u). Give c(-2).
6
Let s(t) = 2*t**2 - 2*t - 2. Let c be -2 + (-18)/3 - 1. Let r be 16/72 - 16/c. Determine s(r).
2
Let m(u) be the second derivative of u**5/20 + u**4/2 + 5*u**3/6 - 5*u**2/2 + 2*u. Let b be m(-5). Let k(t) = -t**2 - 4*t + 2. What is k(b)?
-3
Let p(y) = -y + 1. Let a(o) = -o + 2. Let k(c) = -2*a(c) + 3*p(c). Calculate k(2).
-3
Let v(s) = -s - 3*s**2 + 8 - 10 + 0 + s**3. Give v(4).
10
Let a(w) = 6*w**2 - 4*w - 8. Let k(c) = -5*c**2 + 3*c + 7. Let f(p) = 4*a(p) + 5*k(p). Suppose 6 = g + 1. Suppose 2*h - g*h = 12. Calculate f(h).
-9
Let d(i) be the first derivative of i**2/2 - 11*i - 76. What is d(11)?
0
Suppose i = -0*i. Let c(s) be the third derivative of 0 + 1/6*s**3 - 1/24*s**4 + 0*s + 5*s**2. Giv